34302
In base 3, what is -10 + -11001122110020121?
-11001122110020201
In base 2, what is 110011110100 + 1101100110011?
10100000100111
In base 16, what is 70f5 - -121f?
8314
In base 3, what is 2120000 + 21000022001?
21002212001
In base 5, what is -124120 - -10203?
-113412
In base 15, what is -611c81a - 5?
-611c820
In base 5, what is 13 - 104300221124?
-104300221111
In base 7, what is 5 + 650526455?
650526463
In base 4, what is -11 + 13233233120331?
13233233120320
In base 2, what is -1010011011101101111 - -100000110?
-1010011011001101001
In base 2, what is 1000001110 + 10001110100011111010?
10001110101100001000
In base 16, what is -6e53 - 97?
-6eea
In base 6, what is -3444404544 + 3?
-3444404541
In base 16, what is -a53c2c - -f?
-a53c1d
In base 9, what is -142537 - -86?
-142441
In base 13, what is 911 + 7347?
7c58
In base 8, what is -341631 + -2?
-341633
In base 2, what is -101 + -10000010010010111000110000?
-10000010010010111000110101
In base 13, what is 262573 + -15?
26255b
In base 9, what is 15 - -76557?
76573
In base 9, what is 5532 + 14585?
21227
In base 5, what is -200030221324 - 3?
-200030221332
In base 16, what is -2f19a5 - -5?
-2f19a0
In base 16, what is 85659 - 16?
85643
In base 4, what is 23123301230 + -30?
23123301200
In base 16, what is 83c6f - 3?
83c6c
In base 4, what is 1 + 113321101003?
113321101010
In base 12, what is 40 - -291231?
291271
In base 3, what is 201222200 - 11100122121?
-10121122221
In base 11, what is 4 - 99620417?
-99620413
In base 9, what is -1654 - -270374?
267620
In base 11, what is -172384 - -275?
-17210a
In base 5, what is 3443 - 1203122?
-1144124
In base 6, what is 453 + -103522?
-103025
In base 4, what is -11 + 3003002212023?
3003002212012
In base 14, what is 6d - -2b48c?
2b51b
In base 11, what is -1361061a - -1?
-13610619
In base 12, what is -17 + 233830a?
23382b3
In base 4, what is 21221022130232 - -10?
21221022130302
In base 11, what is 20031367 + -1?
20031366
In base 13, what is 103262 - 21?
103241
In base 3, what is -11 + 1200122122100?
1200122122012
In base 16, what is -64ce7 - 371?
-65058
In base 16, what is 3 - -727de?
727e1
In base 13, what is -1720875 + 0?
-1720875
In base 5, what is -401 - 340014330?
-340020231
In base 12, what is -3a34 - -11b55?
a121
In base 14, what is a9c5 + 9d?
aa84
In base 14, what is -15c - 454bd?
-4563b
In base 15, what is 25320a + a8?
2532b3
In base 8, what is 0 - 104535040?
-104535040
In base 5, what is 1310442 - -130012?
1441004
In base 3, what is -1202 - -201201211110112?
201201211101210
In base 2, what is -1101101000011001101010011 + 11?
-1101101000011001101010000
In base 2, what is 101000111011101010011011110 + -10?
101000111011101010011011100
In base 9, what is 7835840 - -101?
7836041
In base 3, what is 122012201102 + 100102?
122020001211
In base 9, what is 56525621 - -5?
56525626
In base 14, what is 9 - -22a3d6a?
22a3d75
In base 11, what is -8a0 + 1544?
754
In base 9, what is 8580 + 4854?
14544
In base 10, what is 20 + -942306?
-942286
In base 9, what is 22 - -16860?
16882
In base 11, what is -2 - 55873325?
-55873327
In base 11, what is 5 - -55aa6723?
55aa6728
In base 2, what is 1111 + -111011111100000001100?
-111011111011111111101
In base 13, what is 30 + -41b8b3?
-41b883
In base 12, what is 5 - -5862b8?
586301
In base 14, what is 9 + 23bb54b?
23bb556
In base 2, what is 10001111001010110101 - -100111011?
10001111001111110000
In base 10, what is -19 + -89719?
-89738
In base 4, what is 1011332 - -31302002?
32320000
In base 5, what is 20 + 102141040041?
102141040111
In base 4, what is 30222 + -13211200?
-13120312
In base 8, what is -547543633 - -3?
-547543630
In base 4, what is -1221330100322 + 0?
-1221330100322
In base 16, what is a3c952b1 + 2?
a3c952b3
In base 11, what is -994a58 - -2a3?
-994765
In base 5, what is -21 + -1430322111?
-1430322132
In base 6, what is 0 - -243141521?
243141521
In base 2, what is -100 - -100101011111000010101001001?
100101011111000010101000101
In base 7, what is -65552401 + 3?
-65552365
In base 6, what is -1314121 + -2252?
-1320413
In base 14, what is -1 + -349c21?
-349c22
In base 2, what is -10101000101001011111011011 + -101?
-10101000101001011111100000
In base 7, what is -23 + 36041?
36015
In base 5, what is 3 - 13310132?
-13310124
In base 5, what is -13213410 + 111?
-13213244
In base 9, what is 402171 + 24?
402205
In base 7, what is -2 + 1013505126?
1013505124
In base 11, what is 5 - 16308400?
-163083a6
In base 12, what is 2631629 + -3?
2631626
In base 10, what is 3019 + -323?
2696
In base 13, what is -2 + 133945b1?
133945ac
In base 12, what is 18a838b + -5?
18a8386
In base 12, what is -10900aa + -146?
-1090234
In base 11, what is -5 + -10332525?
-1033252a
In base 2, what is 111111101010011110011 - 1101100110?
111111101000110001101
In base 3, what is -121 + -2010211112001?
-2010211112122
In base 10, what is -43641833 + 8?
-43641825
In base 16, what is 2 - 4f8c5b?
-4f8c59
In base 6, what is -3153201 - 13?
-3153214
In base 4, what is 10 + -103332220330?
-103332220320
In base 15, what is -6804c + -32?
-6807e
In base 13, what is -6443 + -87c?
-6cc2
In base 8, what is -1765 - 13033?
-15020
In base 10, what is 23 + 758378?
758401
In base 13, what is 1 + 4234b38?
4234b39
In base 7, what is -31531632 + 1?
-31531631
In base 15, what is -84c + -2bb05?
-2c452
In base 8, what is 705440417 - 3?
705440414
In base 12, what is ab1a + -28?
aab2
In base 2, what is -110001001000110 + 10000111111?
-101111000000111
In base 7, what is -222001 - 43?
-222044
In base 10, what is 32 - -309988?
310020
In base 11, what is -1a93707 - -4?
-1a93703
In base 4, what is -10230122 - 203212?
-11100000
In base 10, what is 5 - 4960707?
-4960702
In base 9, what is -4136 + 106743?
102606
In base 4, what is 102 - 13103230301?
-13103230133
In base 12, what is -1 - 19605627?
-19605628
In base 13, what is -8 + -176cc9?
-177004
In base 10, what is 347 + 49159?
49506
In base 6, what is -5 + 30535131?
30535122
In base 11, what is -1 - 1a78072?
-1a78073
In base 2, what is -11101110000010101001001001 + 100?
-11101110000010101001000101
In base 13, what is 35025 - 2c?
34cc6
In base 15, what is 4 + -45cb5ec?
-45cb5e8
In base 14, what is 41 + 17525?
17566
In base 11, what is 5 + -3751a3?
-375199
In base 16, what is -4 + d11cd?
d11c9
In base 4, what is 320113102 - 103201?
320003301
In base 16, what is eca41 - -1e?
eca5f
In base 16, what is 8 - 1e9c33?
-1e9c2b
In base 15, what is -9407a + 2c?
-9404d
In base 15, what is -171c10 - -2?
-171c0d
In base 5, what is -3214 + 100024212?
100020443
In base 8, what is 46 + -3644647?
-3644601
In base 10, what is -2 - 69710334?
-69710336
In base 8, what is 1634243 + 207?
1634452
In base 7, what is -5 - 102135514?
-102135522
In base 7, what is -41 - 13130450?
-13130521
In base 9, what is 1 - -2811122?
2811123
In base 10, what is 209253468 + 1?
209253469
In base 12, what is 15182 + -135a2?
17a0
In base 5, what is -400021021 + 4?
-400021012
In base 16, what is ce5 + 3e8?
10cd
In base 5, what is 111 - 134312000?
-134311334
In base 2, what is 1010 - -111001000001010001101011?
111001000001010001110101
In base 10, what is 222676023 - 3?
222676020
In base 16, what is -148e9f + -c5?
-148f64
In base 15, what is 3 + -1b0194?
-1b0191
In base 7, what is -465243404 + 1?
-465243403
In base 5, what is 101302113 + -1110?
101301003
In base 16, what is -38 - b23aa?
-b23e2
In base 12, what is 658154 + -43?
658111
In base 11, what is 5 + 772859a9?
77285a03
In base 7, what is -4514450 - 615?
-4515365
In base 13, what is -452c03 + 4?
-452bcc
In base 11, what is 33 + 1070873?
10708a6
In base 3, what is -200 - 11221121212011112?
-11221121212012012
In base 15, what is -b9a9d - -10?
-b9a8d
In base 8, what is 1015721 + 1202?
1017123
In base 13, what is -274 + -3c3c5c?
-3c4203
In base 4, what is 20133321 - -11121?
20211102
In base 11, what is 34 + -194489?
-194455
In base 13, what is 71a + 155c8?
16015
In base 15, what is -b6c8 + -1bea?
-d3c3
In base 11, what is -96 + 2901407?
2901321
In base 12, what is 4b625 + -412?
4b213
In base 16, what is 18ba1c0 - -1?
18ba1c1
In base 5, what is -332022403 - 1?
-332022404
In base 8, what is -5046675 - -1011?
-5045664
In base 13, what is -611c - 48438?
-51557
In base 16, what is 57ee15 + 0?
57ee15
In base 8, what is 2254457 - -125?
2254604